 divisor of 43021 and 205261013?
3911
What is the greatest common factor of 133906 and 207?
23
What is the greatest common factor of 2048 and 3397888?
256
Calculate the highest common divisor of 168 and 293043456.
24
Calculate the highest common divisor of 1115638 and 61462.
158
What is the highest common divisor of 336 and 36308972?
28
Calculate the highest common divisor of 26561034 and 486.
162
What is the highest common divisor of 22360932 and 4752?
396
What is the greatest common factor of 1856 and 8595072?
64
What is the greatest common factor of 9922 and 113857?
41
Calculate the greatest common factor of 78 and 27838473.
39
Calculate the highest common factor of 1 and 144775620.
1
What is the greatest common factor of 829391 and 178?
89
Calculate the greatest common factor of 734 and 156615415.
367
What is the highest common factor of 2503904112 and 2952?
2952
What is the greatest common divisor of 231 and 67713891?
21
Calculate the highest common factor of 44191270 and 11614.
11614
Calculate the highest common factor of 32286 and 3108.
6
What is the greatest common divisor of 813 and 378912200?
271
What is the greatest common divisor of 872668 and 841?
29
What is the greatest common divisor of 1122 and 114119742?
1122
What is the greatest common factor of 3400 and 4701350?
850
What is the highest common divisor of 487 and 267312839?
487
Calculate the highest common factor of 65108 and 2073928.
1588
What is the greatest common factor of 41470680 and 14760?
4920
Calculate the greatest common divisor of 11606 and 1654.
2
What is the greatest common factor of 28506554 and 194?
194
What is the greatest common divisor of 4977008 and 536860?
6316
What is the greatest common divisor of 74 and 10989555?
37
Calculate the greatest common divisor of 159 and 9879041.
53
Calculate the greatest common divisor of 210780720 and 8.
8
Calculate the highest common divisor of 11065155 and 3540.
885
What is the highest common factor of 205504 and 170012?
76
Calculate the highest common divisor of 97 and 167079784.
97
What is the greatest common divisor of 652106588 and 28?
28
Calculate the greatest common divisor of 422124 and 2436.
348
Calculate the greatest common factor of 4998600 and 216.
72
What is the highest common factor of 182 and 5783039444?
182
Calculate the greatest common factor of 15941578 and 938.
134
Calculate the highest common factor of 22 and 24821346.
22
Calculate the highest common factor of 128035338 and 1032.
258
Calculate the greatest common divisor of 24374801 and 737.
737
Calculate the greatest common divisor of 1395 and 308632435.
155
What is the greatest common divisor of 4062784 and 6380?
1276
Calculate the highest common divisor of 25659 and 325376077.
2851
Calculate the highest common divisor of 21225900 and 36.
12
Calculate the highest common divisor of 101156372 and 296.
148
Calculate the greatest common divisor of 5256 and 125335890.
1314
What is the highest common divisor of 130252664 and 4776?
1592
Calculate the greatest common factor of 48849 and 204231.
57
What is the highest common divisor of 36500605 and 2315?
2315
Calculate the greatest common divisor of 130 and 10433910.
10
Calculate the highest common factor of 1457961 and 36237.
771
Calculate the highest common divisor of 2266 and 85283.
11
What is the highest common divisor of 511 and 6491306?
73
What is the greatest common divisor of 14 and 352656374?
14
Calculate the highest common divisor of 46644 and 13165269.
11661
Calculate the greatest common divisor of 622335 and 154175.
35
What is the greatest common divisor of 552496 and 609?
7
Calculate the highest common factor of 1720000 and 13115.
215
What is the greatest common divisor of 183 and 7722051?
183
Calculate the highest common factor of 1100076 and 69.
3
Calculate the highest common factor of 364146707 and 5945.
1189
Calculate the greatest common factor of 211315 and 3133.
13
What is the greatest common divisor of 8697000 and 8250?
750
What is the greatest common divisor of 22720362 and 294?
42
What is the highest common divisor of 44695 and 5565?
35
What is the highest common factor of 58298 and 590621?
283
Calculate the highest common factor of 18172 and 13444.
4
Calculate the greatest common divisor of 3474802 and 128.
2
Calculate the highest common factor of 135810 and 148014.
54
Calculate the greatest common divisor of 246 and 61730338.
82
What is the greatest common divisor of 3705720 and 1740?
60
Calculate the highest common divisor of 494 and 23687794.
494
Calculate the highest common factor of 95 and 105845675.
95
Calculate the highest common divisor of 21312 and 52614.
666
Calculate the highest common factor of 34317430 and 70.
70
What is the greatest common factor of 15089004 and 693?
63
What is the greatest common divisor of 25107140 and 140?
20
What is the highest common factor of 51 and 2249134?
17
What is the greatest common factor of 401 and 10657?
1
Calculate the highest common divisor of 665 and 52626070.
35
Calculate the greatest common divisor of 35736 and 21912.
24
What is the greatest common factor of 10873830 and 192545?
1985
What is the greatest common divisor of 2757065220 and 8190?
8190
Calculate the greatest common divisor of 211 and 34081.
1
Calculate the highest common factor of 19333093 and 4115.
823
What is the greatest common divisor of 222032877 and 44187?
3399
What is the highest common divisor of 2956434792 and 3288?
3288
Calculate the highest common factor of 56 and 3075373.
7
Calculate the greatest common factor of 1051456 and 868.
28
Calculate the greatest common divisor of 83607 and 224781.
93
What is the greatest common divisor of 28 and 1573808?
4
What is the highest common factor of 1702537620 and 70?
70
Calculate the highest common divisor of 1600040 and 28340.
260
Calculate the greatest common factor of 713839950 and 90.
90
Calculate the highest common factor of 6383980 and 1480.
740
Calculate the highest common divisor of 1978 and 307464.
46
What is the highest common divisor of 492 and 44000298?
246
Calculate the highest common divisor of 489585 and 30861.
381
Calculate the highest common divisor of 4970 and 48753215.
2485
What is the greatest common factor of 564320198 and 776?
194
Calculate the highest common divisor of 572 and 27537367.
143
What is the highest common divisor of 163228 and 740220?
3796
What is the highest common divisor of 5744676 and 336?
84
Calculate the greatest common factor of 11376 and 5976.
72
What is the highest common divisor of 72416 and 42419935?
2263
What is the highest common factor of 896838 and 114?
114
What is the highest common divisor of 6032337884 and 4412?
4412
What is the greatest common divisor of 12006 and 83329?
23
What is the highest common divisor of 11135878 and 234?
26
What is the greatest common factor of 25630 and 15520130?
2330
What is the highest common divisor of 16193247 and 76496?
4781
Calculate the greatest common divisor of 64 and 2171240.
8
What is the highest common factor of 1006745106 and 331?
331
What is the greatest common divisor of 456 and 444236872?
152
Calculate the greatest common factor of 42927268 and 8604.
956
Calculate the highest common divisor of 2194 and 3377663.
1097
What is the highest common factor of 7889827 and 25201?
319
What is the greatest common divisor of 15 and 1603005?
15
What is the highest common factor of 2667297 and 705?
141
What is the highest common factor of 268604 and 854?
14
Calculate the greatest common divisor of 4270180 and 220.
20
Calculate the highest common factor of 336068538 and 78.
78
Calculate the highest common divisor of 114375 and 4000.
125
What is the highest common divisor of 12680 and 2456?
8
Calculate the highest common divisor of 14353 and 337993.
31
Calculate the greatest common divisor of 2739 and 911838.
249
What is the greatest common factor of 260224 and 150442?
4066
What is the highest common factor of 28762782 and 106?
106
What is the greatest common factor of 754309192 and 1352?
1352
Calculate the greatest common factor of 1118769 and 8917.
37
Calculate the highest common factor of 9900 and 250470.
990
What is the greatest common divisor of 1762842268 and 646?
646
What is the highest common divisor of 72960943 and 88?
11
Calculate the 